*i**2 - 2*i + 3*i**2 - 2*i**3 + 1. What is a(b)?
-1
Let q be (-10 - -1)*(-8)/12. Let p(o) be the second derivative of 0 + 14*o + 1/12*o**4 - 4/3*o**3 + 5/2*o**2. Calculate p(q).
-7
Let h(f) be the second derivative of -f**3 - 9*f**2 - 29*f + 2. Determine h(6).
-54
Let s(r) = 3*r + 1. Let h be s(2). Let j(i) = -i**3 + 13*i**2 - 16*i - 4. Let a be j(10). Let v(x) = 130 + a - x - 257. Give v(h).
2
Suppose 9*g = -35*g + 176. Let k(a) = -a**3 + 6*a**2 - 5*a - 8. Determine k(g).
4
Suppose -4*g + 4 = 4*d + d, 20 = 4*d - g. Let q(t) = -t**3 + 5*t**2 - 6*t + 5. What is q(d)?
-3
Let w(m) = -m - 1. Let q(j) = -j - 5. Let l(a) = q(a) - 3*w(a). Let f(o) = -2*o - 7. Let z be f(-7). Let x = z + -4. What is l(x)?
4
Let g(l) = l**3 + 8*l**2 + 9*l + 14. Let n = 502 - 509. Determine g(n).
0
Let b(o) = -o**3 - 11*o**2 - 11*o - 14. Let h(l) = -l**2 - 30*l + 390. Let r be h(10). Calculate b(r).
-4
Let p(t) = -10*t**2 + 15*t - 6. Let m(u) = 2*u**2 - 3*u + 1. Let o = -26 - -15. Let s(x) = o*m(x) - 2*p(x). Determine s(-2).
-13
Let q(s) = -4*s - 1. Let t(y) = y**3 - 5*y**2 + y - 8. Let z(l) = l**2 + 4*l + 5. Let b be z(-4). Let k be t(b). Give q(k).
11
Let c(z) = 12*z + 1 - 9*z - 2*z + 0*z. What is c(-6)?
-5
Suppose 9*w - 91 = -82. Let x(v) = -7*v**3 - 2*v**2 + 2*v - 1. Give x(w).
-8
Let c(a) = a - 10. Let x(b) = b**3 + 22*b**2 + 38*b - 31. Let d be x(-20). Determine c(d).
-1
Let u(v) be the third derivative of 0 - 22*v**2 + 0*v + 1/8*v**4 - 4/3*v**3. Determine u(7).
13
Let p(u) = -u**2 - 3*u + 14. Let l be p(-5). Suppose 35 = -l*z + 11. Let i(v) = 3 + 4*v - v - 4*v + 2*v. Give i(z).
-3
Let v(o) = 87*o**2 - 2*o + 1. Let a(k) = 75*k**2 - 2*k + 1. Let g(b) = -7*a(b) + 6*v(b). Give g(-2).
-17
Let d(i) = 11*i + 120. Let l be d(-11). Let n(j) = 26*j + 1. Calculate n(l).
-25
Let q(g) be the third derivative of -1/3*g**3 + 1/20*g**5 + 0 + g**2 + 0*g + 1/12*g**4. Let m(c) = 7*c**2 + 3*c - 3. Let u(a) = 2*m(a) - 5*q(a). What is u(-4)?
4
Let d(g) = -4*g - 4. Let y(w) = -14*w - 10. Let s(c) = 8*d(c) - 3*y(c). Calculate s(1).
8
Let k = 44 + -39. Suppose 2*a - 4*o = 12, -k*o - 11 - 4 = a. Let v(c) = c**3 - 8. Determine v(a).
-8
Let j(o) = 102*o**2 + 4*o - 6 - 11*o - 101*o**2. Let g be (-2 - -4)*1/(-2). Let s be g + 4 - 10/(-2). Give j(s).
2
Let k(a) = -125*a - 2 + 60*a + 67*a. Determine k(2).
2
Let b(t) be the second derivative of t**4/12 + t**3/6 + 3*t. Let v = -17 + 21. Let k(q) = q**3 - 4*q**2 - q + 4. Let z be k(v). Determine b(z).
0
Let y(h) = -h**3 - 2*h + 1. Let j(k) = k**3 + 12*k**2 + 4*k - 11. Let b(m) = j(m) + 2*y(m). Determine b(12).
-9
Let p(u) be the second derivative of -u**4/12 + 4*u**3/3 + 4*u**2 - 2*u - 295. What is p(9)?
-1
Let b(v) = 7*v**2 + 7*v + 1. Let n(t) = -13*t**2 - 13*t - 3. Let z(i) = 10*i - 1. Let p be z(-1). Let d(k) = p*b(k) - 6*n(k). Give d(0).
7
Let b(m) = -m**2 - 2*m + 5. Suppose 3*x - 10*x + 21 = 0. Suppose 27 = -5*c - x. Give b(c).
-19
Suppose 8*n + 6*n = 21*n. Let q(j) = 2*j - 5. Give q(n).
-5
Let l be (-66)/(-8) + (-6)/(-8) + -1. Let k be (60/l)/3 - (-1)/(-2). Let r(t) = t**3 - 2*t**2 + 3*t - 3. Determine r(k).
3
Let p(n) = -n**2 - n - 1. Let t(s) = -6*s**2 - 9. Let h(m) = -5*p(m) + t(m). Let x(o) be the first derivative of h(o). Let g = -36 - -40. Determine x(g).
-3
Let a(m) be the second derivative of -m**6/120 - m**5/12 + m**4/4 - 7*m**3/6 + 19*m**2/2 - 2*m. Let v(y) be the first derivative of a(y). What is v(-6)?
-7
Let d(m) be the third derivative of -m**4/12 - m**3/2 - 1202*m**2. Suppose 32 = 2*o - 5*j + j, 2*o = -4*j - 8. Calculate d(o).
-15
Let k(d) be the first derivative of 0*d**2 + 1/4*d**4 - 7 + 11/3*d**3 - 5*d. Let z be k(-11). Let g(w) = -w**2 - 6*w. Determine g(z).
5
Let s(r) = r + 8. Suppose 14 + 21 = -7*d. Let p be s(d). Let h(b) = 4 - 5*b**2 + 0*b - 2 - 4*b - 5*b**p + 4*b**3. Give h(-4).
2
Suppose -30 = 10*y + 10. Let p(v) = -6*v - v**2 + 0 - 4 - v. Determine p(y).
8
Let x be (4 + -4)*3/6. Let d(c) = -c**3 - c + 14. Give d(x).
14
Let k(a) = 3*a + 9. Let w be k(-2). Suppose w*t + 5*q - 2 = 0, -3*t + 0*q + 4*q + 20 = 0. Let z(p) = -p + 4. Give z(t).
0
Suppose -15 - 10 = 5*u. Suppose -7*m = -11*m + 8. Let k(o) = 5*o**2 - 1043 + m*o + 5*o**3 + 1042 - 4*o**3. What is k(u)?
-11
Let q(g) = -7*g + 6*g + 5 - 17*g**2 - 4. Suppose 1 - 5 = -4*n. What is q(n)?
-17
Let a(f) = -f**3 - 5*f**2 + f + 3. Let y be a(-5). Let t(x) = -4*x - 1. Calculate t(y).
7
Suppose 9*j - 1 = 8*j. Let q(h) be the second derivative of 3*h**5/10 + h**4/6 - h**3/3 + h**2/2 - 12*h. Calculate q(j).
7
Let t(p) = -11*p + 0*p + 23*p. Determine t(-2).
-24
Let k(c) = -7*c - 1. Suppose -300 = 2*o - 7*o + 5*i, 0 = 5*o - 4*i - 303. Let m = 62 - o. Calculate k(m).
6
Suppose -j - 3*p = 12, -4*j - 3*p - 27 = -8*j. Let z(a) = a - 5*a + j*a. Determine z(3).
-3
Let f(s) be the third derivative of s**6/120 + s**5/15 + s**4/6 + s**3/2 + 6*s**2 - 1. Determine f(-2).
3
Let o(h) = -h**3 + 5*h**2 + 10. Let a be o(5). Let j = 11 - a. Let k(b) = 15*b**3 - b**2 - b + 1. Determine k(j).
14
Let s(o) = 29*o + 20. Let m(t) = 12*t + 9. Let d(i) = -5*m(i) + 2*s(i). What is d(-4)?
3
Let q(j) = -6*j**2 - 2853*j**3 + 5703*j**3 + 6 - 2849*j**3 - j**2. Give q(5).
-44
Let z(w) = w + 11. Let n(o) = o**2 - 43*o + 152. Let j be n(39). Determine z(j).
7
Let u(v) = v**2 - v. Let n(y) = -y**3 - 3*y**2 + 5*y. Let s(m) = -n(m) - u(m). Suppose 9*z = 6*z - 9. What is s(z)?
3
Let d(l) = -9*l - 161. Let b be d(-17). Let r(p) = -p**3 - 9*p**2 - 4*p - 10. Determine r(b).
-42
Let v be (-12)/(-18)*(2 + 1). Let n(u) = -2 + u**2 + 2 - 5*u**v + u**3 + 3. Suppose 0 - 9 = -3*l. Determine n(l).
-6
Let z be (0 - 3) + (-4)/(-1). Let d(p) = 1. Let s(l) = -l**2 - 9*l + 2. Let u(x) = z*s(x) - d(x). What is u(-4)?
21
Let d(i) = -4*i**2 + i - 1. Let p(t) = -3*t + 67. Let k be p(22). Give d(k).
-4
Suppose 0 = d - 356 + 355. Let v(f) be the first derivative of 2*f**3 - f**2 - 2 - f**2 - f + 2*f**2. Calculate v(d).
5
Let m = 583 + -587. Let x(b) = 2*b**2 - 2*b - 1. Determine x(m).
39
Let c(j) = -135*j - 16. Let p(m) = 48*m + 6. Let k(s) = -5*c(s) - 14*p(s). Suppose -2*q + 2 = -b - 1, 0 = -3*b - 2*q + 23. Determine k(b).
11
Let k(o) = 2*o**2 + 2*o - 5. Let i be k(-3). Suppose -14*l + i = -15*l. Let r(s) = -s**2 - 6*s + 6. Give r(l).
-1
Suppose 0 = -2*p + 7 - 15. Let h be (14/p)/(1/(-2)). Suppose -7 = 5*z - 2*m, -z + 3*m + 3 = h*m. Let d(g) = -6*g**2 - 2*g - 1. Calculate d(z).
-5
Let m(i) = 10*i**3 - 2*i - 1. Suppose 4*f + 4 + 2 = 2*y, 0 = -5*y + 4*f + 27. Suppose -y*b = -3*b + 16. Let g be ((-1)/(-2))/(b/8). Give m(g).
-9
Let f = -9 + 12. Suppose a - 8 = -f*a. Suppose 9 = 2*b - 4*b - t, -2*t = -a*b. Let i(v) = -3*v - 4. Calculate i(b).
5
Let w(n) = n**3 - 5*n**2 + 5*n - 2. Let d = -146 - -150. Give w(d).
2
Suppose 7*p - 28*p = -189. Let r(h) = h**3 - 8*h**2 - 7*h - 9. Give r(p).
9
Let r(q) be the second derivative of q**5/12 + q**4/12 + q**3/6 - 9*q**2/2 + 7*q. Let m(n) be the first derivative of r(n). Give m(-2).
17
Let q(u) be the third derivative of u**5/120 - u**4/4 + 11*u**3/3 + 32*u**2. Let c(g) be the first derivative of q(g). What is c(0)?
-6
Let p(h) = 2*h - 2. Suppose 4*q - 3*k = 28, 6*q - 2*k = 2*q + 24. Let w(a) = -a**3 + 5*a**2 - 3*a - 6. Let s be w(q). Determine p(s).
-6
Let q(p) = -p**2 + 6*p + 1. Suppose 5*t - 9 - 7 = -2*d, -t - 2*d = 0. Suppose -v = t*v - 50. Let j be (9/6)/(3/v). Give q(j).
6
Let i(u) = -3*u**2 - 5. Let l(o) = 28*o**2 + 40. Let n(h) = 24*i(h) + 3*l(h). Suppose -4*a - 10 = -3*v + v, -5*a - 11 = -4*v. Calculate n(v).
12
Suppose 5*a = 2*a - 5*d + 15, d = -5*a + 3. Let i(n) = 7 + 0 + 7 - n + 4. Determine i(a).
18
Let d(h) = h**3 + 5*h**2 + 2*h + 2. Let o = -1 - -7. Suppose -3 = u + a, -5*a = u - a + o. Calculate d(u).
10
Let s(w) be the second derivative of w**5/20 + 7*w**4/12 - 19*w**3/6 - 17*w**2/2 + 70*w. Determine s(-9).
-8
Let r(b) = -2 + 615*b - 613*b + 6 + 3. What is r(12)?
31
Let c(q) = 5 + 0*q - q + 6*q**2 + 3*q - 11*q**2 - q**3. Let h be (-12)/(-3)*20/(-16). Determine c(h).
-5
Let q = 8 - 10. Let t(y) = y**2 + 2*y + 2. Let i be t(q). Let w(p) = -7*p + 2. Let k(d) = 12*d - 3. Let m(z) = -3*k(z) - 5*w(z). Determine m(i).
-3
Let t(x) = 5*x + 2. Suppose -3*y = -4*u + 8, 0 = -u - 3*y + 2*y + 9. Suppose 0 = -0*b - 4*b + 48. Let n be 4/10 - b/u. Determine t(n).
-8
Let a = -7 + 13. Let m(x) be th